et u(x) = -19*x - 3. Let l be u(-4). What is the greatest common factor of l and f?
73
Suppose -12 = -v + 4*x + 30, v - 2*x - 42 = 0. Let f be 3/(7 + (-684)/98). Calculate the highest common divisor of f and v.
21
Suppose -5*m + l + 20 = 2*l, -3*l = -15. Suppose 6 = m*o - 4*o. Let a be (o/(-6))/(2/22). Calculate the greatest common divisor of 22 and a.
11
Suppose 4*k = 77 - 17. Suppose s - u - 22 = 2*u, -3*u = k. Suppose -272 = -11*l + s*l. What is the greatest common factor of 51 and l?
17
Suppose 2*w - 112 = -l - 66, -3*l = -5*w - 72. What is the greatest common divisor of l and 13753?
17
Let i be 4809/(-126) - 2/(-12). Let m = 218 - i. What is the highest common divisor of m and 48?
16
Suppose o = -2*v - 16, 4*o - 29 = -2*v - 75. Let z(p) = -4*p - 8. Let d be z(o). Calculate the greatest common factor of 16 and d.
16
Let a = -3697 - -5227. What is the highest common factor of a and 18?
18
Let o = 159 + -110. Suppose -n + 39 = p, 2*p = 4*n + o + 11. Suppose 2 = -4*x + 2*j + 50, -x + j = -12. What is the highest common factor of x and p?
12
Let g(x) = x + 92. Let v be (-1)/(((-1)/(-39))/(30/90)). Let w be g(v). Calculate the greatest common divisor of w and 158.
79
Suppose 5*c - 9 = -2*o - 1, 2*c - 4*o - 8 = 0. Suppose c*d = 4*d - 128. Let l = 56 + 40. What is the greatest common divisor of d and l?
32
Let b = -5548 + 5620. What is the greatest common factor of 4248 and b?
72
Let j be 180/144 + 67/4. What is the highest common factor of 882 and j?
18
Let n(f) = -223*f + 2587. Let k be n(11). What is the highest common divisor of k and 4288?
134
Suppose -25*t + 22*t = -96. Suppose -p = -4*f - t, 2*p - f - 34 = 51. What is the highest common factor of 132 and p?
44
Let r = 4628 - 1013. Calculate the highest common factor of r and 30.
15
Let f(y) = y**3 + 11*y**2 - 20*y - 88. Let q be f(-12). Let a be (6 + 0)/((96/2754)/q). Calculate the greatest common divisor of a and 17.
17
Let j = 15 + -5. Let a = -7271 - -7431. Calculate the highest common factor of a and j.
10
Let p be -9 - 2/(5*(-3)/1080). What is the highest common factor of 8640 and p?
135
Let z(a) = 3*a**3 + 2*a**2 + 2*a. Let h be z(-1). Let k be 173 + -2 + (1 - (h + 3)). Suppose 3*u - 107 = 22. Calculate the highest common factor of u and k.
43
Let w be (((-12084)/(-8))/(-3))/(3/18*-3). Calculate the highest common factor of w and 477.
53
Let a(v) = -18*v**3 + v**2. Let l be a(-1). Suppose -153274*p - 161 = -153298*p + 295. Calculate the greatest common factor of l and p.
19
Suppose 4*w - 175 = 189. Suppose -2*c = -6 + 2. Suppose 4*t - 2*t - 28 = -c*k, -k + 27 = 2*t. Calculate the greatest common factor of t and w.
13
Suppose -208*y - 880 = -2706 - 6910. Suppose -4*g + 240 - 16 = 0. What is the highest common factor of g and y?
14
Suppose 53*l = 23*l + 18*l + 288. Calculate the greatest common divisor of 36 and l.
12
Let s = -5397 - -2845. Let c be ((-5)/((-20)/9))/((-87)/s). What is the greatest common divisor of c and 77?
11
Suppose -4*q + 2*l - 184 = 0, 3*q = -4*l - 157 + 8. Let i = -1 - q. What is the highest common factor of i and 92?
46
Let y = -190 + 181. Let q(g) = 3*g + 51. Let n be q(y). Calculate the highest common divisor of 40 and n.
8
Let i be (-24)/(-3 - (-4)/2). Suppose 2*o - 3*q = 2*q + 168, 4*o + 3*q = 336. Calculate the highest common factor of o and i.
12
Suppose 10 = 5*c - 20. Suppose -c = -3*o + 192. Suppose -5*t - 14 = -4*h, 6 = 4*t - 2. Calculate the highest common divisor of h and o.
6
Suppose -2*m = 5*m - 14. Suppose b + m*g = -1 + 35, 0 = 4*b - 3*g - 81. What is the greatest common divisor of b and 8?
8
Suppose -2*z = -10*r + 12*r - 228, -4*r + 24 = 0. What is the highest common factor of 3996 and z?
108
Suppose -3*l = -l - y - 33, 0 = 5*l + y - 100. Calculate the highest common factor of 4541 and l.
19
Let z = 7746 - 7718. What is the highest common divisor of 520 and z?
4
Let t = -2741 - -19796. What is the greatest common factor of 90 and t?
45
Let n = -29959 + 30415. Calculate the greatest common divisor of 488 and n.
8
Suppose -4*l - 3*q + 15284 = 0, 34*l - 5*q = 37*l - 11474. Calculate the greatest common factor of l and 184.
46
Let f be (-3 + 3 + 1)*3. Suppose -22*l - 1475 = 593. Let t = 97 + l. Calculate the greatest common divisor of t and f.
3
Let z = 4495 + -4429. What is the highest common factor of z and 12694?
22
Suppose 2*c = -4*f + 10970, -4*c + 21930 = 60*f - 57*f. What is the highest common divisor of 27 and c?
27
Let u = 53 + 83. Let g be (-3)/9 - u/(-3). What is the greatest common divisor of g and 150?
15
Let g = -6503 - -6673. What is the highest common factor of 130 and g?
10
Suppose 20*g - 46058 = 8542. What is the greatest common divisor of 156 and g?
78
Let k be (2/5)/(0 - (-2)/80). Suppose 12*s = 2*s + 1060. Let w = s - 66. Calculate the highest common divisor of k and w.
8
Suppose -5*l + 10 = 0, 4*t - 3788 = 18*l - 14*l. Calculate the greatest common factor of t and 2336.
73
Let y be ((-196)/6 - 9)*-12. Calculate the greatest common divisor of y and 900.
100
Let w(a) = 4*a**2 - 7*a - 8. Let d be w(-1). Suppose d*f + 6 = 0, 3*m + 3*f = 7*f + 116. What is the highest common factor of m and 18?
18
Let d be (-20)/(24 - 14) + 535. What is the highest common factor of d and 41?
41
Let f = 10179 + -9159. Calculate the greatest common factor of 2210 and f.
170
Let u = 12919 - 12835. Let t(m) = m**3 - 3*m**2 + 6*m - 4. Let c be t(6). Calculate the highest common factor of u and c.
28
Suppose -17*w = -519 + 366. Suppose 3*z - 3*x - 205 - 98 = 0, 5*z = 3*x + 501. What is the highest common factor of z and w?
9
Let s = 777 + -767. Suppose r + s = -r, r = 4*c - 1477. Calculate the highest common factor of 4 and c.
4
Suppose 4*d - 313 = -3*v, 4*d = -2*v + 6*v + 292. Let l be 0 + -1 + 1 + (d - 60). What is the highest common divisor of 24 and l?
8
Let t = -10097 - -10120. Let v(b) = -b. Let i be v(-6). Suppose -3*z + 4*a = -i*z + 134, a = -2*z + 91. What is the highest common divisor of t and z?
23
Let r(l) = 483*l - 2397. Let c be r(5). Suppose -4*z = -g + 4*g - 660, -4*g = -5*z + 794. Calculate the greatest common factor of z and c.
18
Let c = 98 + -99. Let f be (-103)/7*c - 4/(-14). Let d be (12/15)/(4/10)*10. Calculate the highest common divisor of f and d.
5
Let u = -48168 - -49442. Let l = 28 + -2. What is the highest common factor of l and u?
26
Let h be 2099 + -10*(216/210 + (-3)/7). Calculate the highest common factor of 273 and h.
91
Suppose 0 = -34*i - 96 + 674. Let l(j) = -j - 3. Let y be l(-7). Suppose -y*b + 358 + 254 = 0. Calculate the highest common divisor of i and b.
17
Suppose -2*h - 88 = -4*h. Let f = -9510 - -9796. What is the greatest common factor of h and f?
22
Let m be (-385)/(-11)*(12/(-40))/(4/(-16)). Calculate the greatest common factor of 1239 and m.
21
Let b be ((-8)/(-24))/((14/1392)/7). Let z = b - 224. Suppose -5*a = -4*a - 20. Calculate the highest common divisor of a and z.
4
Let b be 3/8 + ((-3804)/(-96) - 10). Suppose 5*h - 1427 = -s, -4*s = h - 2*s - 289. What is the highest common factor of b and h?
15
Suppose 5*o = -3*u + 180, 215 = 5*o - 4*u - 0. Suppose -763*b - o = -764*b. What is the highest common factor of b and 273?
39
Let v(f) = -f**3 + 12*f**2 + 17*f - 295. Let z be v(10). Let r = 308 + -218. Calculate the highest common divisor of z and r.
15
Suppose 3*n = -4*i - 243, -2*n = 2*i - 14 + 136. Let d be i/(((-1)/6)/((-24)/(-32))). Calculate the greatest common divisor of d and 10.
10
Let c(u) = -48*u + 161. Let d be c(-9). Let z = 611 - d. Calculate the greatest common divisor of 342 and z.
18
Let z be ((-12)/7)/3 + 16928/224. Let x be -3 + -1 + 2 + 62. What is the highest common divisor of z and x?
15
Suppose -2*o - 49 + 55 = 0. Let c = o + 30. Let f = 86 + c. Calculate the highest common divisor of f and 17.
17
Let j(m) = 79*m**2 - 615*m + 89. Let k be j(8). Let b = 12 - -18. What is the greatest common factor of k and b?
15
Let m = 1836 + -1824. Calculate the greatest common factor of m and 1536.
12
Suppose l + 470 - 810 = -t, 0 = -3*t + 4*l + 1027. Calculate the greatest common factor of 616 and t.
11
Let s be (-4)/(8/(-10)) - (5 + -3). Suppose -2*j + 30 = 22, -s*b = 3*j - 90. What is the highest common divisor of b and 65?
13
Let y = 42 - 68. Let x = y + 30. Suppose 5*n - 2 = -5*h + 18, -3*